(k). Suppose 0 = -3*m + 8 - 2. Give s(m).
2
Let m(l) be the third derivative of l**6/120 - l**5/60 - 2*l**3/3 - l**2 + 4. Suppose 0 = -2*x - x. What is m(x)?
-4
Let b be (2 - 1) + (-16)/2. Let o = b - -5. Let g(h) = h**3 + 3*h**2 - h + 2. Calculate g(o).
8
Let c(t) = 3*t - 2. Let s = 98 + -103. Give c(s).
-17
Let q(m) = -m**2 + m - 1. Let c(k) = k - 2. Let t(p) = c(p) - q(p). What is t(-2)?
3
Let c(i) = -i**2 + 5*i + 6. Let x(p) = -p + 0*p - 1 + 2*p + p. Let j be x(3). Determine c(j).
6
Let c = 4 - 5. Suppose -3*g = -4*r - 14, 6*r = -3*g + r - 4. Let a(d) = -g*d - 3 + 2 + d**2 - 2*d**2. Determine a(c).
0
Let o(t) = t**3 + 3*t**2 - 2. Let b be o(-2). Let h(w) = 2 - 3*w**3 - 6 - 8*w + 9*w + 2*w**3 + 4*w**b. Give h(3).
8
Suppose -a - 4*a + 25 = 0. Let w(s) = -7*s**3 + 6*s**2 - 5*s + 7. Let h(l) = -l**3 + 1. Let z(n) = 6*h(n) - w(n). Calculate z(a).
-1
Suppose 2*y + 2*y = -4. Let f = y + 4. Let z be -1 + 15/(0 + f). Let a(m) = m**3 - 5*m**2 + 3*m + 2. Determine a(z).
-2
Let c(z) = -11*z**2 + 10*z - 3. Let j(y) = 1 - 4*y - 5*y + 4*y + 5*y**2. Let t be -2 - (-1 - 0)*-2. Let s(f) = t*c(f) - 9*j(f). What is s(6)?
-3
Let r(w) = -w. Let i(j) = j. Let f be i(4). What is r(f)?
-4
Suppose -5*h - 5 = 3*q, -4*q = -3*h - 30 - 2. Let b(w) = -w**3 + 5*w**2 - 4*w + 5. Calculate b(q).
-15
Let w(c) = -9 + 3 + 3*c + 54*c**2 - 58*c**2 - c**3. Give w(-5).
4
Let p(v) = -2*v - 6 - v + 0*v + 2*v. Give p(-8).
2
Let j(p) = p**3 + 4*p**2 - 3*p - 1. Let s(k) = k**2 - 7*k + 2. Let d be s(9). Suppose 2*y + d = -2*y. Determine j(y).
-11
Let g(w) = 5*w - w - 5 - 2*w. Let n(o) = -o + 1. Let f(k) = g(k) + 5*n(k). Let d(m) = 4*m + 1. Let i(x) = -5*d(x) - 6*f(x). Calculate i(-5).
5
Let f(x) = x - 7. Suppose m + 5*c = 42, m - 3*c - 30 = -5*c. Suppose 2*g - 3*n - n - m = 0, 0 = -g + n + 8. Determine f(g).
-2
Let a(w) be the first derivative of -w**3/3 + 9*w**2/2 - 27. What is a(7)?
14
Let h(f) be the third derivative of f**6/120 + f**5/15 + f**4/24 - f**3/3 + 14*f**2. Let i = -2 - 1. What is h(i)?
4
Let i be -4 - (3 - 1)/8*-17. Let q(a) be the first derivative of i*a**4 + 4 - 3*a**2 + 0*a - 5/3*a**3. Calculate q(6).
0
Suppose 0 = 5*s - 3*v + 1 - 0, 5*s - 4*v - 2 = 0. Let w(c) = 27 + c + 30 - 56 + 6*c. Calculate w(s).
-13
Suppose 9 = -t + 2. Let v(a) = -a - 1. Let w be v(t). Let q(h) = -h + 7. Give q(w).
1
Let y(m) = m**2 + m - 1. Suppose 3*z = k - 1 - 5, -4*z - 8 = -4*k. Give y(z).
1
Let w(r) = -r**3 - r**2 + r + 3. Let z(k) = -k**3 + k + 2. Let q(x) = 5*w(x) - 4*z(x). Let i(l) = -2*l - 2 + 0 + 3*l. Let p be i(-3). What is q(p)?
2
Let k(c) = -2*c**2 + c - 3. Let p(g) be the second derivative of 2*g + 1/4*g**4 + 0*g**3 + 0 + 2*g**2. Let o(v) = -4*k(v) - 3*p(v). Calculate o(-3).
3
Let x(n) = -n + 4*n - 5*n + 6. Let i(d) = -d + 1. Let k(w) = 5*i(w) - x(w). What is k(2)?
-7
Suppose -64 = -4*g - 0*g. Let y be g/4*1 + 2. Let u(l) = -l**2 + 7*l + 3. Give u(y).
9
Let j(u) = u + 9. Suppose -28 + 60 = 4*p. Give j(p).
17
Let o(b) = -3*b**2 - 15*b + 1. Let g(x) = -x**2 - 5*x. Let a(v) = 17*g(v) - 6*o(v). Calculate a(-7).
8
Let c(a) = -2*a + 9. Let u(d) = -d - 9. Let m be u(-11). Suppose -r - 5*k = -24, -3*r - k + 4 = -3*k. Suppose -3 = -2*b + n + m*n, 0 = 2*b - r*n. What is c(b)?
-3
Let s be -1 + 2 - (2 + -6). Let u(q) = -7*q**3 + 15*q**2 - 9*q + 8. Let r(n) = 11*n**3 - 23*n**2 + 14*n - 12. Let f(g) = s*r(g) + 8*u(g). Give f(5).
-6
Let o(v) be the second derivative of -v**3/6 + 3*v**2/2 + 9*v. What is o(3)?
0
Let q(t) be the first derivative of -t**4/4 - t**2/2 - 5*t + 11. Determine q(0).
-5
Suppose -u = 3*u. Let h(t) = -t**3 + 4*t**2 - 3*t + 2. Let i(x) = -x**3 + 3*x**2 - 2*x + 3. Let v(s) = -2*h(s) + 3*i(s). Give v(u).
5
Let b(a) = a**3 - 2*a**2. Suppose 1 + 4 = 5*c. Suppose 0*g = g - c. Determine b(g).
-1
Let k(a) = a - 1. Let w be 6 + -7 + (-1)/1. Let q be (1 - w)*2/6. What is k(q)?
0
Let x(q) = -3 - 3 - 333*q**2 + 10*q + 1 + 332*q**2. Calculate x(10).
-5
Let j(d) = d**2 - 6*d - 10. Suppose 4*p = 5 + 51. Let r = -7 + p. Calculate j(r).
-3
Let a(v) = -v**3 + 15*v**2 - 9*v + 12. Let z(i) = -i**2. Let c(l) = a(l) + 6*z(l). Give c(8).
4
Let d(z) = 4*z - 1. Let u be (-5)/(-2 + (-1)/(-1)). Suppose -u = -6*c + c. What is d(c)?
3
Let l be (6/9)/((-4)/24). Let h be 9/3 + l + 4. Let b(a) = a - 1. Calculate b(h).
2
Let s = -12 + 6. Let c(k) = 7 + 3*k + 0 - 2*k - 3. Give c(s).
-2
Let g(f) be the second derivative of -f**4/12 + f**3/2 + 3*f**2/2 - 3*f. What is g(4)?
-1
Let a(z) = 7*z**3 + 19*z**2 + 5*z. Let k(s) = -15*s**3 - 40*s**2 - 10*s. Let i(u) = 13*a(u) + 6*k(u). Calculate i(-6).
6
Let n(y) = y**2 + 5*y + 3. Suppose 4*z = -3*k - 3, 0 = -3*k + 2*z - 3. Let j = k + 6. Let v be 30/(-9)*6/j. What is n(v)?
-1
Suppose -3*k = -2*k - 2*k. Let v(l) = l - 4. What is v(k)?
-4
Let d(g) = -4*g**2 - 2*g + 3. Let v(w) = w**3 + 9*w**2 - 10*w + 2. Let f be v(-10). What is d(f)?
-17
Let s(x) = 5*x**2 + 5*x - 1. Suppose f - 2*f = -1. Let d(b) = -b. Let g(y) = f*s(y) + 5*d(y). Let z(h) = -2*h - 13. Let c be z(-6). What is g(c)?
4
Let c(r) = -r**2 + 3*r + 1. Let b(l) = l**2 - 6*l - 5. Let w be b(7). Suppose -o + 2*y + 1 = 0, -2*o + 8 = w*y - 3*y. What is c(o)?
-9
Let h(p) = -9*p - 1. Let j(d) = d. Suppose 3*n - 7*n = 56. Let s(q) = n*j(q) - 2*h(q). Let b be 2/3 - (-8)/(-3). Calculate s(b).
-6
Let b(u) = -u**2 - u. Let s = -2 + 2. Let w = s - -1. Calculate b(w).
-2
Let j(a) = a**3 - 5. Suppose -3 = 2*v + 3*i, -v = v - 2*i - 2. Calculate j(v).
-5
Let l(o) = -6*o - 2. Let t(a) = -a**2 + 9*a - 4. Let n = -8 - -16. Let p be t(n). Let g = p + -6. Determine l(g).
10
Suppose 0 = 3*y - 3*i, y - 3*i + 2 + 0 = 0. Let s be 10/3*6/4. Let w(l) = s + 6*l**2 - 4 - 14*l**2. Calculate w(y).
-7
Let c(m) = -5*m**2 - 4 - 2*m**3 + 3*m + m + 3*m**3. Let g(q) = -6*q - 6. Let x be g(-4). Let n be (12/x)/(2/12). What is c(n)?
-4
Let j(a) = a**3 - a**2. Let l(k) = 7*k**3 - 7*k**2 + k - 1. Let n(z) = -6*j(z) + l(z). Give n(2).
5
Let w = 122 + -130. Let n(o) = o + 10. What is n(w)?
2
Let x(y) be the third derivative of -y**7/2520 + y**6/144 + y**5/15 - y**4/6 - 2*y**2. Let l(w) be the second derivative of x(w). Give l(7).
-6
Let l(o) = -4*o + 2. Suppose 2*n + 2*n - 8 = 0. Suppose -3*k + 4 = -n. Calculate l(k).
-6
Let z be ((-10)/3)/(3/(-9)). Suppose 3*s = s + z. Suppose -6*k + 5*u + 17 = -5*k, 3*k + 9 = -s*u. Let r(y) = 2*y + 2. What is r(k)?
6
Let g(h) = h**2 + 2. Let f be g(0). Let c(a) be the third derivative of 1/120*a**6 + 1/3*a**3 + 1/20*a**5 - 1/24*a**4 + 0*a + f*a**2 + 0. Give c(-3).
5
Suppose -y - 3*y = 20. Let l(o) be the first derivative of -2*o**2 + 1/4*o**4 - o - 1 + 4/3*o**3. What is l(y)?
-6
Let l(g) = -9*g + 7. Let t(i) = -17*i + 16. Let z(b) = -9*l(b) + 4*t(b). Calculate z(-1).
-12
Let c(k) be the third derivative of k**5/60 - k**4/6 - k**3/6 + 5*k**2. Calculate c(5).
4
Let f(s) = -4*s + 5. Let r be f(-4). Suppose -2*x + 5*g - r = -0*x, 4*g = 5*x + 78. Let z be (-1)/(x/15 + 1). Let j(d) = -d**3 + 4*d**2 + 5*d + 1. Give j(z).
1
Let s(z) = -z**2 + 4*z - 1. Let p = -10 - -13. Determine s(p).
2
Suppose -5*g = -3*b - 7*g - 18, -20 = 2*b + 4*g. Let i(t) = t**3 + 0*t + 6*t + 4 + 5*t**2 + 0*t. Determine i(b).
-4
Let b(f) = 5*f - 23. Let p(y) = y - 6. Let x(c) = -2*b(c) + 9*p(c). Suppose 3*i = -0*i - 24. What is x(i)?
0
Let o(p) = -7*p + 9. Let i(k) = -8*k + 10. Suppose -5 = f + 2. Let s(q) = f*o(q) + 6*i(q). Let b be s(4). Let x(g) = 3*g**3 + 2*g**2 - 1. What is x(b)?
4
Let a(h) be the second derivative of -2/3*h**3 + 0*h**2 + 4*h + 1/6*h**4 + 0 + 1/120*h**5. Let i(f) be the second derivative of a(f). Determine i(5).
9
Let z(r) = 3*r - 1. Let a = -4 + 4. Suppose a = -11*v + 14*v + 3. Give z(v).
-4
Let h(n) = -n + 12. Let p be (-12)/8*(1 + 13/(-3)). Calculate h(p).
7
Let q(p) = -p**2 + 6*p - 3. Suppose 0*o - 30 = -6*o. Give q(o).
2
Let u(h) = -4 + 6*h + 5*h**2 - 7*h**2 + h**2. What is u(5)?
1
Let k = -27 - -28. Let c(x) = -x**2 + 1. Calculate c(k).
0
Let h(g) be the second derivative of -1/12*g**4 - g**3 - 3*g + 0 - g**2. Determine h(-5).
3
Let i(c) = -c - 7*c + 2*c. Let u(y) = y**2 - 7*y - 1. Let o be u(7). Calculate i(o).
6
Let w(l) be the third derivative of -l**6/120 - l**5/15 + l**4/24 - l**2. Calculate w(-2).
-10
Let i(c) = c**2 + 9. Let d = -4 - -7. Suppose 4*r = d*r. What is i(r)?
9
Let k(o) = -o**3 - 7*o**2 - 6*o + 4. Let s(i